{"id":335,"date":"2022-12-07T12:01:58","date_gmt":"2022-12-07T09:01:58","guid":{"rendered":"https:\/\/albaath-univ.edu.sy\/humanities\/?page_id=335"},"modified":"2022-12-07T12:01:58","modified_gmt":"2022-12-07T09:01:58","slug":"%d8%a3%d8%af%d8%a8-%d9%81%d8%b1%d9%86%d8%b3%d9%8a-%d9%85%d9%84%d8%ae%d8%b5%d8%a7%d8%aa-%d8%a7%d9%84%d9%85%d8%a7%d8%ac%d8%b3%d8%aa%d9%8a%d8%b1","status":"publish","type":"page","link":"https:\/\/homs-univ.edu.sy\/humanities\/%d8%a3%d8%af%d8%a8-%d9%81%d8%b1%d9%86%d8%b3%d9%8a-%d9%85%d9%84%d8%ae%d8%b5%d8%a7%d8%aa-%d8%a7%d9%84%d9%85%d8%a7%d8%ac%d8%b3%d8%aa%d9%8a%d8%b1","title":{"rendered":"\u0623\u062f\u0628 \u0641\u0631\u0646\u0633\u064a \u0645\u0644\u062e\u0635\u0627\u062a \u0627\u0644\u0645\u0627\u062c\u0633\u062a\u064a\u0631"},"content":{"rendered":"<table width=\"100%\">\n<tbody>\n<tr>\n<th colspan=\"3\"><\/th>\n<\/tr>\n<tr>\n<td colspan=\"3\" valign=\"top\" height=\"380\">&nbsp;<\/p>\n<table border=\"1\" cellspacing=\"0\" cellpadding=\"0\">\n<tbody>\n<tr>\n<td valign=\"top\" width=\"142\"><strong>\u0627\u0644\u0631\u0642\u0645<\/strong><\/td>\n<td valign=\"top\" width=\"142\"><strong>\u0639\u0646\u0648\u0627\u0646 \u0627\u0644\u0628\u062d\u062b<\/strong><\/td>\n<td valign=\"top\" width=\"142\"><strong>\u0627\u0633\u0645 \u0627\u0644\u0628\u0627\u062d\u062b<\/strong><\/td>\n<td valign=\"top\" width=\"142\"><strong>\u0633\u0646\u0629 \u0627\u0644\u0646\u0634\u0631<\/strong><\/td>\n<\/tr>\n<tr>\n<td valign=\"top\" width=\"142\">&nbsp;<\/p>\n<p>&nbsp;<\/p>\n<p>1<\/td>\n<td valign=\"top\" width=\"142\">&nbsp;<\/p>\n<p><a href=\"https:\/\/humanities.albaath-univ.edu.sy\/1\/fixed-news\/n839\/n844\/1.pdf\" target=\"_blank\" rel=\"noopener\"><strong>Les corpus parall\u00e8les fran\u00e7ais\/arabe : analyse compar\u00e9e des marqueurs linguistiques du temps et de l&#8217;espace<\/strong><\/a><\/td>\n<td valign=\"top\" width=\"142\">&nbsp;<\/p>\n<p>&nbsp;<\/p>\n<p>\u0648\u0639\u062f \u064a\u0648\u0646\u0633<\/td>\n<td valign=\"top\" width=\"142\">&nbsp;<\/p>\n<p>&nbsp;<\/p>\n<p>2009<\/td>\n<\/tr>\n<tr>\n<td valign=\"top\" width=\"142\">&nbsp;<\/p>\n<p>&nbsp;<\/p>\n<p>&nbsp;<\/p>\n<p>2<\/p>\n<p>&nbsp;<\/p>\n<p>&nbsp;<\/p>\n<p>&nbsp;<\/td>\n<td valign=\"top\" width=\"142\">&nbsp;<\/p>\n<p><a href=\"https:\/\/humanities.albaath-univ.edu.sy\/1\/fixed-news\/n839\/n844\/2.pdf\" target=\"_blank\" rel=\"noopener\"><strong>R\u00f4le des traits phon\u00e9tiques dans la constitution de la condition en arabe et en fran\u00e7ais<\/strong><\/a><\/td>\n<td valign=\"top\" width=\"142\">&nbsp;<\/p>\n<p>&nbsp;<\/p>\n<p>&nbsp;<\/p>\n<p><strong>\u0641\u0627\u0637\u0645\u0629<\/strong><strong>\u00a0<\/strong><strong>\u0627\u0644\u0631\u0641\u0627\u0639\u064a<\/strong><\/td>\n<td valign=\"top\" width=\"142\">&nbsp;<\/p>\n<p>&nbsp;<\/p>\n<p>&nbsp;<\/p>\n<p>2016<\/p>\n<p>&nbsp;<\/td>\n<\/tr>\n<\/tbody>\n<\/table>\n<\/td>\n<\/tr>\n<\/tbody>\n<\/table>\n","protected":false},"excerpt":{"rendered":"<p>&nbsp; \u0627\u0644\u0631\u0642\u0645 \u0639\u0646\u0648\u0627\u0646 \u0627\u0644\u0628\u062d\u062b \u0627\u0633\u0645 \u0627\u0644\u0628\u0627\u062d\u062b \u0633\u0646\u0629 \u0627\u0644\u0646\u0634\u0631 &nbsp; &nbsp; 1 &nbsp; Les corpus parall\u00e8les fran\u00e7ais\/arabe : analyse compar\u00e9e des marqueurs linguistiques du temps et de l&#8217;espace &nbsp; &nbsp; \u0648\u0639\u062f \u064a\u0648\u0646\u0633 &nbsp; &nbsp; 2009 &nbsp; &nbsp; &nbsp; 2 &nbsp; &nbsp; &nbsp; &nbsp; R\u00f4le des traits phon\u00e9tiques dans la constitution de la condition en arabe et &hellip;<\/p>\n","protected":false},"author":1,"featured_media":0,"parent":0,"menu_order":0,"comment_status":"closed","ping_status":"closed","template":"","meta":{"footnotes":""},"class_list":["post-335","page","type-page","status-publish","has-post-thumbnail","hentry"],"_links":{"self":[{"href":"https:\/\/homs-univ.edu.sy\/humanities\/wp-json\/wp\/v2\/pages\/335","targetHints":{"allow":["GET"]}}],"collection":[{"href":"https:\/\/homs-univ.edu.sy\/humanities\/wp-json\/wp\/v2\/pages"}],"about":[{"href":"https:\/\/homs-univ.edu.sy\/humanities\/wp-json\/wp\/v2\/types\/page"}],"author":[{"embeddable":true,"href":"https:\/\/homs-univ.edu.sy\/humanities\/wp-json\/wp\/v2\/users\/1"}],"replies":[{"embeddable":true,"href":"https:\/\/homs-univ.edu.sy\/humanities\/wp-json\/wp\/v2\/comments?post=335"}],"version-history":[{"count":0,"href":"https:\/\/homs-univ.edu.sy\/humanities\/wp-json\/wp\/v2\/pages\/335\/revisions"}],"wp:attachment":[{"href":"https:\/\/homs-univ.edu.sy\/humanities\/wp-json\/wp\/v2\/media?parent=335"}],"curies":[{"name":"wp","href":"https:\/\/api.w.org\/{rel}","templated":true}]}}

أدب فرنسي ملخصات الماجستير

<table width="100%">
<tbody>
<tr>
<th colspan="3"></th>
</tr>
<tr>
<td colspan="3" valign="top" height="380">&nbsp;</p>
<table border="1" cellspacing="0" cellpadding="0">
<tbody>
<tr>
<td valign="top" width="142"><strong>الرقم</strong></td>
<td valign="top" width="142"><strong>عنوان البحث</strong></td>
<td valign="top" width="142"><strong>اسم الباحث</strong></td>
<td valign="top" width="142"><strong>سنة النشر</strong></td>
</tr>
<tr>
<td valign="top" width="142">&nbsp;</p>
<p>&nbsp;</p>
<p>1</td>
<td valign="top" width="142">&nbsp;</p>
<p><a href="https://humanities.albaath-univ.edu.sy/1/fixed-news/n839/n844/1.pdf" target="_blank" rel="noopener"><strong>Les corpus parallèles français/arabe : analyse comparée des marqueurs linguistiques du temps et de l&#8217;espace</strong></a></td>
<td valign="top" width="142">&nbsp;</p>
<p>&nbsp;</p>
<p>وعد يونس</td>
<td valign="top" width="142">&nbsp;</p>
<p>&nbsp;</p>
<p>2009</td>
</tr>
<tr>
<td valign="top" width="142">&nbsp;</p>
<p>&nbsp;</p>
<p>&nbsp;</p>
<p>2</p>
<p>&nbsp;</p>
<p>&nbsp;</p>
<p>&nbsp;</td>
<td valign="top" width="142">&nbsp;</p>
<p><a href="https://humanities.albaath-univ.edu.sy/1/fixed-news/n839/n844/2.pdf" target="_blank" rel="noopener"><strong>Rôle des traits phonétiques dans la constitution de la condition en arabe et en français</strong></a></td>
<td valign="top" width="142">&nbsp;</p>
<p>&nbsp;</p>
<p>&nbsp;</p>
<p><strong>فاطمة</strong><strong> </strong><strong>الرفاعي</strong></td>
<td valign="top" width="142">&nbsp;</p>
<p>&nbsp;</p>
<p>&nbsp;</p>
<p>2016</p>
<p>&nbsp;</td>
</tr>
</tbody>
</table>
</td>
</tr>
</tbody>
</table>

<p>&nbsp; الرقم عنوان البحث اسم الباحث سنة النشر &nbsp; &nbsp; 1 &nbsp; Les corpus parallèles français/arabe : analyse comparée des marqueurs linguistiques du temps et de l&#8217;espace &nbsp; &nbsp; وعد يونس &nbsp; &nbsp; 2009 &nbsp; &nbsp; &nbsp; 2 &nbsp; &nbsp; &nbsp; &nbsp; Rôle des traits phonétiques dans la constitution de la condition en arabe et &hellip;</p>
